 a**2 + 7*a + 5. Let b be p(-6). What is the units digit of -5*(b - 33/15)?
6
Let y(l) be the third derivative of l**4/24 + l**3/2 + 2*l**2. Let k be y(0). Let q(f) = 4*f - 3. What is the units digit of q(k)?
9
Let o(f) = f + 2. Let s be o(6). Let v = 5 - s. What is the units digit of (-7)/v*9/3?
7
Let c(f) = -2*f**2 - 3*f + 2. Let h be c(-3). Let t(g) be the first derivative of -g**4/4 - 7*g**3/3 - g**2/2 + g - 1. What is the units digit of t(h)?
8
Suppose 4*a = 4*l - 28, -5*l - 6*a + 3*a = -19. Suppose -4*y = -v - 6, -l*v = -2*y - v - 4. What is the units digit of y?
2
Let l(t) = t**3 - 10*t**2 - 11*t + 12. Suppose 3*h = v - 23, 8 + 21 = 3*v - h. Let f = 19 - v. What is the tens digit of l(f)?
1
Suppose 0 = 5*l + 23 + 12. Let h(w) be the second derivative of -w**4/12 - w**3 + 5*w**2 - w. What is the units digit of h(l)?
3
Let j = -39 - -18. Let t = j + 33. Suppose z + 5*h + 7 = 31, 0 = z + 2*h - t. What is the units digit of z?
4
Let t(u) = -u**3 - 7*u**2 + 7*u - 10. What is the units digit of t(-9)?
9
Suppose 5*f + o = 21, 0 = -2*f - o - 2*o + 11. Suppose 62 + 22 = f*r. What is the tens digit of r?
2
Let o = 140 - 112. What is the tens digit of o?
2
Let t = 127 - 63. What is the tens digit of t?
6
Suppose 3*h = -0 + 9. Suppose -4*g = 4*u, -u = -h*u + 3*g + 20. What is the units digit of u?
4
Let z(y) be the second derivative of y**3/6 + y**2/2 + 2*y. Let j be z(-1). What is the units digit of -1 + j - 42/(-7)?
5
Suppose 3*d + 7 + 0 = o, d = 2*o - 14. Let h be (-158)/(-14) - 2/o. Let j = h + -1. What is the tens digit of j?
1
Let f = -13 + 11. Let x(v) = 2*v - 5. Let g be x(4). What is the units digit of (-1)/(g/f - -1)?
2
Let j = 6 - -40. What is the tens digit of j?
4
Let l(w) = 2*w + 10. Let r be l(-8). Let x = -105 + 31. What is the units digit of x/(-14) + r/21?
5
Let i(n) = 3 + 0*n**2 + n**2 - 2*n**2 + 10*n. Let o be i(10). Suppose 2*w = -o*w + 10. What is the units digit of w?
2
Let s(k) = k**3 - 5*k**2 - 3*k. What is the tens digit of s(6)?
1
Let d(v) = -2*v**2 - 7*v + 6. Let y(n) = 3*n**2 + 14*n - 12. Let i(s) = 5*d(s) + 3*y(s). What is the units digit of i(5)?
4
Let h be 18 + -2 + 1 + 0. Let g = h - 9. What is the tens digit of g - ((-1 - -1) + -3)?
1
Suppose -2*k = 5*w + k, 0 = 2*k - 10. Let s(l) = -3*l - 2*l + l. What is the tens digit of s(w)?
1
Let l(k) be the third derivative of 2*k**2 - 1/24*k**4 - 5/6*k**3 + 0 + 1/60*k**5 + 0*k. What is the units digit of l(4)?
7
Suppose -2*k + 3*q - 17 = 28, k + 50 = -4*q. Let h be (-3)/(-6) - k/4. Let u = h - -5. What is the units digit of u?
3
Let n = 13 + -6. Let q be (4/5)/((-8)/120). What is the units digit of (q/n)/((-1)/7)?
2
Let s(b) = 6 + 8 + b + 9. What is the tens digit of s(0)?
2
Let b(f) = f + 12. Let w be b(0). Suppose -3*j = -g - 7, 3*g - 3*j = -5*j + w. What is the units digit of g?
2
Let l be 6/(-15) + 34/10. Suppose -l*v - 42 = -4*v. Suppose 2*z = 4*h - v, 0 = 4*z + 1 - 5. What is the units digit of h?
1
Let t = 21 - 16. What is the units digit of t?
5
Let w(c) = 3*c**3 - 3*c**2 + 2. Let o be w(2). Suppose -3*v = -2*x - 14 - o, x = 2*v - 18. What is the units digit of v?
8
What is the hundreds digit of (0 - -1)/(-4 + (-5492)/(-1372))?
3
Suppose -2*f = 0, -5*v + 77 = -f - 48. Let w be v/1 - 12/(-6). Suppose d - w = -2*d. What is the units digit of d?
9
Let g = 109 - 57. What is the tens digit of g?
5
Suppose -3*j = o - 0 - 3, 0 = 4*j + 3*o + 1. What is the units digit of j?
2
Let u = 6 + -4. Suppose u*g - 5*g + 27 = 0. What is the units digit of g?
9
Suppose -4*d + 159 = 3*k, -d - k + 38 = -2*k. Let f = -27 + d. What is the tens digit of f?
1
Let k = -54 + 95. What is the units digit of k?
1
Let j(b) = -b - 2 + 8 + 2. What is the units digit of j(6)?
2
Suppose 22 + 77 = 2*l + i, 0 = -l - i + 49. What is the tens digit of l?
5
Suppose 2*h - 5*g = -37, 5*h - 3*g + 15 = -6*g. Let p = 19 + h. Let r = p - 9. What is the units digit of r?
4
Suppose -3*t = 32 + 28. Let j(i) = i**2 - 8. Let m be j(0). What is the units digit of (t/m)/(2/4)?
5
Let z = 3 + 1. Let c(w) = w**3 - 4*w**2 - 3. Let d be c(z). Let p(y) = -y - 2. What is the units digit of p(d)?
1
Let g be -1 - -3 - 10*-1. Let x be (0 - -1)/1 + 0. What is the units digit of x*(-1 + 0) + g?
1
Let m(p) = p + 2. Let w be m(0). Let z be 2*(0 + 28/w). Suppose -70 = -3*h - z. What is the tens digit of h?
1
Let n(d) be the third derivative of -d**4/24 + 2*d**3 - d**2. Let m be n(-9). Suppose 4*i = -2*w + 56, m = 5*i - 5*w - 34. What is the units digit of i?
3
Suppose 244 + 668 = 4*x. What is the tens digit of x?
2
Let l(v) = -v**3 - 12*v**2 + 6. Let b be l(-12). Suppose -4*j = -2*h - b*j + 2, 4*j = -2*h - 6. Let s = h + -2. What is the units digit of s?
3
Suppose -3*a - 274 = -5*k, -a + 5*a - 200 = -4*k. What is the units digit of k?
3
Suppose 3*n = 4*n - 11. Let r(f) = -f**2 + 14*f + 1. What is the tens digit of r(n)?
3
Let r(t) = -t**3 + 2*t**2 + 1. Let k be r(2). Suppose -k = 3*a + x - 0, -18 = 2*a + 5*x. Let d(l) = 6*l**3 - 2*l**2 + 2*l - 1. What is the units digit of d(a)?
5
Suppose 3*h + 331 = 79. Let i = -50 - h. What is the units digit of i?
4
Suppose 5*w - 2 = -l - 3, 5*w = 5*l - 85. What is the units digit of l?
4
Suppose 7*y - 3*y - 49 = -5*l, 2*y = -3*l + 31. What is the tens digit of l?
1
Let w be 6/(-4)*10/(-1). Let p = w - 10. What is the units digit of p?
5
Suppose -m - 2*m = -k + 14, -5*m - 20 = -5*k. Let r = 0 - m. What is the units digit of r?
5
Let r(q) = -q**2 + 4*q - 1. Let n be r(3). Suppose n*d = -3*d + 25. What is the units digit of d?
5
Let h(x) = 34*x**2 + 3*x + 3. What is the units digit of h(-2)?
3
Suppose 3*v - 4*f - 27 = 0, -5*v + f + 15 = -13. Let g be (v/(-3) - -2)*21. Let s = g - 0. What is the units digit of s?
7
Let b be 17/2*(6 + 0). What is the units digit of b/4 - 1/(-4)?
3
Suppose v - 25 = -4*u, 1 + 59 = 2*v + 3*u. What is the units digit of v?
3
Let d = -9 + 12. Suppose 6 = 2*t, -3*h = -0*h - t - d. What is the units digit of h?
2
Let t be (-4 - -2 - -2)/(-2). Suppose t = -o - o + 2. What is the units digit of o?
1
Let q(j) = -50*j + 3. What is the units digit of q(-1)?
3
Let x be (-5)/25 + 71/5. Suppose -5*k = 2*a - a - 22, k = -a + x. What is the tens digit of a?
1
Let l(p) be the third derivative of p**4 + 2*p**2. What is the tens digit of l(1)?
2
Let q = -164 + 327. What is the tens digit of q?
6
Let q = -2 + 12. Let g be 5/(q/(-4)) - -6. Suppose -4*i - 4 + 28 = g*y, 0 = -4*i - 3*y + 24. What is the units digit of i?
6
Let b(n) be the third derivative of n**5/60 + n**4/6 + n**3/2 + 3*n**2. Let m be b(-5). Suppose 2*l - 34 = -m. What is the tens digit of l?
1
Let l(m) = 6*m**2 - 3*m**2 - 1 + m**3 - 2 + 7. What is the units digit of l(-3)?
4
Let h(x) = 5*x + 2. What is the units digit of h(20)?
2
Suppose -12 = 3*l - 18. What is the units digit of ((-3)/(-5))/(l/10)?
3
Suppose -4*j + 167 = -9. What is the tens digit of j?
4
What is the units digit of 6/9 + 532/12 - -1?
6
Suppose 2*s + 2 - 4 = 0. Suppose 0 = -5*w + 4*r + 29 + s, -3*w = -3*r - 21. Suppose 2*d = -5*u + 64, 28 = w*u + 3*d - d. What is the tens digit of u?
1
Let k = -6 - -1. Let x = k - -7. What is the tens digit of (x + -11 - 2)/(-1)?
1
Suppose -113 = -0*b + 3*b + 5*p, -4*b = -p + 120. Let c = 54 + b. What is the units digit of c?
3
Suppose -o - 5 = 0, 3*u - u = -5*o - 19. Suppose y = -u*y + 116. What is the units digit of y?
9
Suppose -r + 6 = 2*r. Suppose -r*s = -76 - 4. What is the tens digit of ((-14)/(-35))/(1/s)?
1
Suppose n + v = 94, -4*v + v + 464 = 5*n. What is the tens digit of n?
9
Suppose 3*o + o - 4*r = 8, 0 = 3*o + r + 2. Suppose o*d = -d. What is the units digit of 1/(1/8 + d)?
8
Suppose 5*u - 1900 = -5*p, 4*p + 3*u = -0*p + 1523. What is the hundreds digit of p?
3
Let j = 3 - 1. Let x = 8 - j. Let m(d) = -d**3 + 7*d**2 - 6*d + 5. What is the units digit of m(x)?
5
Let l = -3 + 30. What is the units digit of l?
7
Suppose 0 = -p + 3*q + 75, -2*p + 3*q = 3*p - 423. What is the units digit of p?
7
Suppose -12 = 4*p, 3*q = 5*q - p - 5. Let r = q - -2. Suppose -r*a + 20 = i, -4*a + a + 10 = -4*i. What is the units digit of a?
6
Let p(h) = -h**3 + 8*h**2 - 3. Let m(r) = 2*r**3 - 16*r**2 + 7. Let g(l) = 4*m(l) + 9*p(l). Let j be g(8). What is the units digit of 3 - 0 - j - -3?
5
Suppose 2*i - 3*o + 9 = -3*i, 3*o = 